f?
9
Suppose -16*n + 80 = -11*n. Suppose -4*g + 0*i = -2*i - 38, -i + n = 3*g. Let q(k) = 17*k - 2. Let w be q(3). Calculate the greatest common factor of g and w.
7
Let r be 18/(3/((-18)/(-4))). Suppose 2*c + 3*o = 33, -2*c - 5*o + 30 = -1. What is the highest common divisor of c and r?
9
Suppose p = -s - 58, 2*s = -3*p - 31 - 141. Let f be (-24)/p + 62/(-14). Let v = f - -9. What is the greatest common factor of v and 35?
5
Suppose 5 = 4*o - 15. Suppose 5 = -g + o*r - 35, 4*g + 228 = 3*r. Let b be (g/(-10))/((-4)/(-2)). Calculate the highest common factor of b and 21.
3
Let i(g) = -g**2 + 19*g - 49. Let n be i(12). What is the highest common factor of n and 7?
7
Let y(q) = 3*q**2 + 17*q. Let t be y(-9). Suppose -3*u + 7 - 1 = 0. Suppose u*o + 72 = 6*o. What is the greatest common factor of t and o?
18
Suppose 3*p + 15 = 0, -3*r + r + 29 = -3*p. Calculate the greatest common factor of 35 and r.
7
Suppose 0 = -3*h - 4*y + y, -5*h + 4*y + 18 = 0. Let a be 1/(h/8) - -1. Calculate the highest common divisor of 45 and a.
5
Suppose 5*b - 5 = 5. Suppose u = 2*t - 6 - 4, 2 = -2*t - b*u. What is the highest common factor of 27 and t?
3
Suppose 6*d + 3*d = 18. Let w be 1*12/(8/d). Calculate the greatest common factor of 2 and w.
1
Let z be ((-11)/3 + -2)/((-7)/105). Let i be (-9 + 5 - -4) + (z - 1). Calculate the highest common divisor of i and 12.
12
Let t be (44/(-33))/((-6)/45). What is the greatest common divisor of t and 50?
10
Let h(g) = 5*g - 51. Let s be h(12). Calculate the greatest common divisor of s and 387.
9
Let b be (-48)/(-2) - (-2)/2. Suppose 3*q + s = b, q - s = -q + 25. What is the highest common divisor of 70 and q?
10
Suppose 5*m + 5*q + 200 = 0, 2*q - 4*q = -2*m - 92. Let l = m - -76. What is the greatest common divisor of 3 and l?
3
Let l(r) = -3*r**3 - 10*r**2 - 17*r - 14. Let h be l(-4). Calculate the highest common factor of h and 86.
86
Let o be (-615)/(-12) - 2/8. Let q be 2 + (-18)/10 - 338/(-10). Calculate the highest common divisor of q and o.
17
Let s(c) = 3*c + 1. Let x be s(2). Suppose -7*f = -9*f + 20. Let k = x + f. Calculate the highest common factor of 170 and k.
17
Suppose -68 = -4*a + 24. Let v(f) = 59*f + 17. Let p be v(4). What is the highest common factor of p and a?
23
Suppose 2*q + 80 - 322 = 0. Calculate the greatest common factor of q and 55.
11
Suppose 3*l = -0*l - 72. Let y = -36 - l. Let p be -18*(-2)/(-2)*y. What is the highest common factor of 24 and p?
24
Let z be (4 + -1)/((-36)/(-1056)). Let h(u) = -4*u - 1. Let q be h(-3). Calculate the highest common divisor of z and q.
11
Let n = 236 + -217. Calculate the greatest common factor of 361 and n.
19
Suppose -3*u + u = -4*a + 6, 4*u + 2 = 3*a. Let t be a/3 - 714/(-9). Let f = -15 - -25. What is the greatest common divisor of t and f?
10
Let s = -86 - -131. Let r = 15 + -15. Suppose r = -g - g + 18. What is the greatest common divisor of s and g?
9
Let p be (0 - -1) + (-2)/(-2). Suppose 8*a + 264 - 328 = 0. Calculate the highest common divisor of p and a.
2
Let a be (-36)/(-24) + (77/7)/(4/18). Suppose -18 = -k - 3*i, 0 = -5*k + 2*k - i + 14. What is the highest common factor of a and k?
3
Suppose 496 + 116 = 2*q. What is the highest common factor of 34 and q?
34
Let r be 57/(-114) + 381/2. What is the greatest common divisor of 30 and r?
10
Suppose 2*q = -0*q + 2*x + 68, -3*q - 2*x + 112 = 0. Suppose -5*l + 24 = -q. What is the greatest common divisor of l and 4?
4
Suppose -9*i + 26 = -19. What is the greatest common divisor of i and 45?
5
Let r be -2 + 24/11 - (-63046)/638. Calculate the greatest common divisor of r and 63.
9
Suppose i - 3*i + 60 = 4*o, 6 = -3*o. Let r = 409 - 392. What is the highest common factor of r and i?
17
Let q(s) = 4*s**2 + 9*s - 6*s - 3 - 2*s**2 - 16*s. Let m be q(11). What is the highest common divisor of 12 and m?
12
Let g be ((-403)/93)/(-2 - (-5)/3). What is the greatest common divisor of 611 and g?
13
Suppose 0 = -h - 8*h + 18. Suppose 7 = -5*g - 3, 0 = 5*k + h*g - 1. What is the highest common divisor of 13 and k?
1
Let q = -14 - -12. Let u be 6*q*(-10 + -1). Calculate the greatest common factor of u and 12.
12
Let r = -697 - -1081. Suppose 2*q + 2*q = r. Suppose 0 = -2*x + 4*n + 36, -8*x = -11*x + 2*n + 42. What is the greatest common factor of x and q?
12
Let f(m) = -m**3 + 2*m**2 + 3*m - 6. Let s be f(3). Let w be (6/(-15))/((-4)/(-5))*s. What is the greatest common divisor of 1 and w?
1
Suppose -3*h - 1 = y + 11, -3*h - 18 = -y. Suppose 13 = 5*s + t - 12, -y*t = -3*s + 33. Suppose 33 - 135 = -17*j. What is the highest common divisor of s and j?
6
Let v(p) = -2*p**2 + 17*p + 10. Let o be v(9). Suppose b = 3*b - 2. What is the highest common divisor of b and o?
1
Let v(i) = -114*i - 12. Let k be v(-4). What is the greatest common divisor of k and 12?
12
Let v = -6 - 1. Let n = 20 + v. Let w = -268 - -411. Calculate the highest common factor of n and w.
13
Suppose -104*h = -99*h - 245. Calculate the highest common factor of h and 7.
7
Let d(p) = p**2 - 28*p + 11. Let i = 94 + -65. Let b be d(i). What is the highest common factor of b and 40?
40
Let n = 54 - -41. What is the highest common divisor of n and 5?
5
Suppose 4*p = 3*z - 2095, 0*z + 1590 = -3*p - 4*z. Let s = p + 774. What is the greatest common factor of s and 31?
31
Let g be (-217)/93*(-36)/14. Let z be 1/4 - 7/(-4). Calculate the highest common factor of g and z.
2
Let c = 23 - 3. Let r = 38 - c. What is the highest common factor of r and 126?
18
Let y be 54/10 + 2/(-5). Suppose 0*l = -y*l + 120. Let d be (-30)/(-20)*6 - -3. What is the greatest common factor of d and l?
12
Let k(b) = b**2 - 5*b - 3. Let f be 33/6 - 1/(-2). Let x be k(f). Let i(p) = 2*p**2 - 2*p - 3. Let o be i(x). Calculate the greatest common factor of 36 and o.
9
Let k = -214 + 222. What is the greatest common divisor of k and 12?
4
Let d(x) = 18*x - 28. Let b be d(5). What is the highest common divisor of b and 124?
62
Let r be -1 - 1 - -4 - -3. Suppose 0 = m - 2*g - 22, -r*m - 4*g = g - 80. Let q = -10 - -16. Calculate the highest common factor of m and q.
6
Let k(z) = 2*z + 143. Let a be k(-33). Calculate the highest common factor of a and 21.
7
Let z be (-35)/21*24/(-10). Suppose -z = -2*f, -n + 4*f + 28 + 90 = 0. Calculate the highest common divisor of n and 18.
18
Let d be (49/(-14) - -4)*256. What is the highest common divisor of 64 and d?
64
Suppose -31 + 421 = 26*g. Calculate the greatest common factor of 27 and g.
3
Let r = 1351 - 1322. Let n be (-3)/(45/12)*-5. Suppose o - n = 25. Calculate the highest common factor of r and o.
29
Let l = -149 - -1202. Calculate the highest common factor of l and 162.
81
Let n(y) = -8*y + 28. Let k be n(-9). Suppose 144 = -k*d + 102*d. What is the highest common divisor of d and 16?
8
Let r(o) = o**3 + 6*o**2 - 9*o + 1. Let j be r(-7). What is the highest common factor of 135 and j?
15
Suppose 0 = -47*l + 46*l + 3*r + 9, -5*r = 2*l - 18. Let m(p) = p**2 + 6*p + 9. Let i be m(-6). What is the greatest common factor of l and i?
9
Let x = -151 + 165. What is the greatest common divisor of x and 2?
2
Suppose 13 - 11 = m. Let s(a) = 4*a**2 - a - 2. Let u be s(m). Suppose -2*v = 3*g - 9, g = v + 2*g - 5. What is the highest common factor of u and v?
6
Let w be (0 - -1)/((-72)/(-5184)). What is the greatest common factor of 27 and w?
9
Let b(s) = -3*s - 4. Let j be b(-5). Let h(l) = l**3 + 10*l**2 + 2*l + 2*l + l + 8 + 1. Let i be h(-7). Calculate the highest common divisor of j and i.
11
Suppose -k = 4*f - 284, -5*f + 0*k + 356 = k. What is the highest common factor of 144 and f?
72
Let q(v) = -47*v + 543. Let d be q(9). Suppose 0*c + 2*c - 3*o - 30 = 0, -3*o = 3*c - 45. What is the greatest common divisor of c and d?
15
Let c = -307 - -440. Suppose 3*o - 2*o = -3*s + 19, 0 = 2*s + o - 12. Calculate the highest common divisor of c and s.
7
Suppose y = -3*y - 128. Let z = y + 53. What is the highest common factor of 84 and z?
21
Let x be 16/24 - 16/(-3). Let v = -69 + 87. What is the greatest common divisor of x and v?
6
Suppose 6*n - 53 = -5. Calculate the highest common divisor of n and 192.
8
Let w = 12 - 14. Let u be (-5 + 11)/(w/(-6)). Let m be (0 + -1)/((-10)/150)*3. Calculate the greatest common factor of u and m.
9
Let b be 1/(136/(-70